{"id":2399,"date":"2026-01-25T09:48:04","date_gmt":"2026-01-25T02:48:04","guid":{"rendered":"https:\/\/3dmodelbuy.com\/?page_id=2399"},"modified":"2026-01-25T10:41:45","modified_gmt":"2026-01-25T03:41:45","slug":"my-cv","status":"publish","type":"page","link":"https:\/\/3dmodelbuy.com\/?page_id=2399","title":{"rendered":"Profile Summary"},"content":{"rendered":"\t\t<div data-elementor-type=\"wp-page\" data-elementor-id=\"2399\" class=\"elementor elementor-2399\">\n\t\t\t\t<div class=\"elementor-element elementor-element-5806ee1 e-flex e-con-boxed e-con e-parent\" data-id=\"5806ee1\" data-element_type=\"container\">\n\t\t\t\t\t<div class=\"e-con-inner\">\n\t\t\t\t<div class=\"elementor-element elementor-element-31a91e0 elementor-widget elementor-widget-heading\" data-id=\"31a91e0\" data-element_type=\"widget\" data-widget_type=\"heading.default\">\n\t\t\t\t<div class=\"elementor-widget-container\">\n\t\t\t\t\t<h2 class=\"elementor-heading-title elementor-size-default\">Profile Summary\n<\/h2>\t\t\t\t<\/div>\n\t\t\t\t<\/div>\n\t\t\t\t\t<\/div>\n\t\t\t\t<\/div>\n\t\t<div class=\"elementor-element elementor-element-d1d8526 e-flex e-con-boxed e-con e-parent\" data-id=\"d1d8526\" data-element_type=\"container\">\n\t\t\t\t\t<div class=\"e-con-inner\">\n\t\t\t\t<div class=\"elementor-element elementor-element-ee6ad17 elementor-widget elementor-widget-text-editor\" data-id=\"ee6ad17\" data-element_type=\"widget\" data-widget_type=\"text-editor.default\">\n\t\t\t\t<div class=\"elementor-widget-container\">\n\t\t\t\t\t\t\t\t\t<!DOCTYPE html>\n<html lang=\"en\">\n<head>\n<meta charset=\"UTF-8\">\n<title>CV Layout<\/title>\n<link href=\"https:\/\/fonts.googleapis.com\/css2?family=Montserrat:wght@300;400;600;700&#038;display=swap\" rel=\"stylesheet\">\n\n<style>\n   \n    \n*{\n    margin:0;\n    padding:0;\n    box-sizing:border-box;\n    font-family:'Montserrat',sans-serif;\n}\n\nbody{\n    background:#3f3f3f;\n    display:flex;\n    justify-content:center;\n    padding:40px;\n}\n\n.cv{\n    width:920px;\n    background:#6a6a6a;\n    color:#fff;\n    display:grid;\n    grid-template-columns:34% 66%;\n}\n\n\/* LEFT COLUMN *\/\n.left{\n    padding:30px;\n    background:#707070;\n}\n\n\/* FRAME (\u0110\u00daNG V\u1eca TR\u00cd KHUNG \u0110\u1ece) *\/\n.frame-link{\n    display:block;\n    width:100%;\n    max-width:320px;\n    height:300px;\n    border:3px solid #817f7f;\n    margin-bottom:20px;\n    text-decoration:none;\n    color:#3d3c3c;\n    display:flex;\n    align-items:center;\n    justify-content:center;\n}\n\n\n\n\n.frame-link span{\n    font-size:12px;\n    letter-spacing:1px;\n    opacity:.8;\n}\n\n.about{\n    font-size:13px;\n    line-height:1.6;\n    margin-bottom:30px;\n}\n\n.section-title{\n    margin:30px 0 15px;\n    font-size:14px;\n    letter-spacing:2px;\n    font-weight:600;\n}\n\n.skills{\n    display:flex;\n    flex-wrap:wrap;\n    gap:10px;\n}\n\n.skill{\n    padding:6px 14px;\n    border-radius:20px;\n    font-size:12px;\n}\n\n.skill.light{ background:#eee; color:#000; }\n.skill.dark{ background:#000; color:#fff; }\n\n.contact{\n    margin-top:10px;\n    font-size:13px;\n}\n\n\/* RIGHT COLUMN *\/\n.right{\n    padding:40px;\n    background:#5f5f5f;\n}\n\n.name{\n    font-size:30px;\n    font-weight:700;\n    letter-spacing:2px;\n}\n\n.job{\n    margin-top:6px;\n    font-size:13px;\n    letter-spacing:2px;\n    display:flex;\n    align-items:center;\n    gap:10px;\n}\n\n.job::after{\n    content:\"\";\n    flex:1;\n    height:1px;\n    background:#fff;\n}\n\n.block{\n    margin-top:40px;\n}\n\n.block h3{\n    font-size:14px;\n    color: #36eee3;\n    letter-spacing:2px;\n    margin-bottom:20px;\n}\n\n.item{\n    margin-bottom:20px;\n}\n\n.item-title{\n    font-weight:600;\n    font-size:14px;\n}\n\n.item-sub{\n    font-size:12px;\n    opacity:.9;\n}\n\n.item-desc{\n    font-size:12px;\n    line-height:1.6;\n    margin-top:6px;\n}\n\n.item-year{\n    float:right;\n    font-size:12px;\n    opacity:.8;\n}\n.frame-link img{\n    width:100%;\n    height:100%;\n    object-fit:cover;\n}\n.boder {\n            font-size: 2.5rem;\n            margin-top: 0;\n            border-bottom: 2px solid #6e8df5; \/* \u0110\u01b0\u1eddng g\u1ea1ch ch\u00e2n nh\u1eb9 *\/\n            padding-bottom: 10px;\n}  \n \/* Khung ch\u1ee9a c\u00e1c n\u00fat m\u1ea1ng x\u00e3 h\u1ed9i *\/\n.social-links {\n    display: flex;       \/* X\u1ebfp h\u00e0ng ngang *\/\n    gap: 15px;           \/* Kho\u1ea3ng c\u00e1ch gi\u1eefa 2 n\u00fat *\/\n    margin-top: 20px;\n}\n\n\/* \u0110\u1ecbnh d\u1ea1ng chung cho c\u1ea3 2 n\u00fat *\/\n.btn-social {\n    display: inline-block;\n    width: 30px;          \/* \u0110\u1ed9 r\u1ed9ng khung nh\u1ecf *\/\n    height: 30px;         \/* \u0110\u1ed9 cao khung nh\u1ecf *\/\n    line-height: 30px;    \/* C\u0103n ch\u1eef gi\u1eefa theo chi\u1ec1u d\u1ecdc *\/\n    text-align: center;   \/* C\u0103n ch\u1eef gi\u1eefa theo chi\u1ec1u ngang *\/\n    color: rgb(1, 109, 250);         \/* Ch\u1eef tr\u1eafng *\/\n    text-decoration: none;\/* B\u1ecf g\u1ea1ch ch\u00e2n *\/\n    font-weight: bold;\n    border-radius: 8px;   \/* Bo g\u00f3c *\/\n    transition: all 0.3s ease; \/* Hi\u1ec7u \u1ee9ng m\u01b0\u1ee3t *\/\n    box-shadow: 0 4px 6px rgba(0,0,0,0.3); \/* \u0110\u1ed5 b\u00f3ng t\u1ea1o kh\u1ed1i 3D *\/\n}\n\n\/* Trang tr\u00ed ri\u00eang cho n\u00fat Facebook *\/\n.fb-btn {\n    background-color: #fcf5f5e1; \/* M\u00e0u xanh FB *\/\n}\n.site-btn {\n    background-color: #0e0000; \n     color: rgb(255, 255, 255) \/* M\u00e0u \u0111\u1ecf YouTube *\/\/* M\u00e0u xanh FB *\/\n}\n\n\/* Trang tr\u00ed ri\u00eang cho n\u00fat YouTube *\/\n.yt-btn {\n    background-color: #000000;\n     color: rgb(250, 1, 1) \/* M\u00e0u \u0111\u1ecf YouTube *\/\n}\n\n\/* Hi\u1ec7u \u1ee9ng khi r\u00ea chu\u1ed9t v\u00e0o (Hover) *\/\n.btn-social:hover {\n    transform: translateY(-3px); \/* N\u00fat nh\u00edch l\u00ean tr\u00ean *\/\n    box-shadow: 0 6px 12px rgba(0,0,0,0.5); \/* B\u00f3ng \u0111\u1ed5 \u0111\u1eadm h\u01a1n *\/\n    filter: brightness(1.1);    \/* S\u00e1ng h\u01a1n m\u1ed9t ch\u00fat *\/\n}\n<\/style>\n<\/head>\n\n<body>\n   \n\n<div class=\"cv\">\n\n    <!-- LEFT -->\n    <div class=\"left\">\n\n        <!-- KHUNG H\u00ccNH \u0110\u00daNG V\u1eca TR\u00cd -->\n        <a href=\"#\" class=\"frame-link\"\n        >\n    <img decoding=\"async\" src=\"https:\/\/zenithspirit.id.vn\/wp-content\/uploads\/2026\/01\/Pic_Me_OP.png\" alt=\"Profile Photo\"><\/a>\n        \n\n        <div class=\"about\">\n           Born in 1964 <br>Over 20 years of experience \n           <div class=\"job\"><\/div>\n\n            \n        <\/div>\n\n        <div class=\"section-title\">\u267e\ufe0fSKILLS<\/div>\n        <div class=\"skills\">\n            <div class=\"skill light\">Creativity<\/div>\n            <div class=\"skill light\">3d Model- Texture<\/div>\n            <div class=\"skill dark\">animation 2d-3d<\/div>\n            <div class=\"skill dark\">Art Design Game <\/div>\n            <div class=\"skill dark\">Substance paint 3d<\/div>\n            <div class=\"skill dark\">Maya-3dsmax-Zbrush-Unreal Engine<\/div>\n        <\/div>\n\n        <div class=\"section-title\">CONTACT<\/div>\n        <div class=\"contact\">Email: teacher3dmodel@gmail.com<\/div>\n    <\/div>\n\n    <!-- RIGHT -->\n    <div class=\"right\">\n        <div class=\"name\">NGUY\u1ec4N MINH HO\u00c0N<\/div>\n        <div class=\"job\">3DMELING (Low-poly &#038; High-poly)PROFESSIONAL<\/div>\n        \n        \n\n        <div class=\"block\">\n            <h3>EDUCATION<\/h3>\n\n            <div class=\"item\">\n                <span class=\"item-year\">1985 &#8211; 1986 <\/span>\n                <div class=\"item-title\">Art Design<\/div>\n                <div class=\"item-sub\">Sai gon University<\/div>\n                <div class=\"item-desc\">Open University<\/div>\n            <\/div>\n\n            <div class=\"item\">\n                <span class=\"item-year\">1998\u20132000<\/span>\n                <div class=\"item-title\">Art cartoon<\/div>\n                <div class=\"item-sub\">Morgan on Viet nam<\/div><br>\n                <span class=\"item-year\">2001\u20132004<\/span>\n                <div class=\"item-title\">3D Modeling<\/div>\n                <div class=\"item-desc\">AIM Creativer on Viet Nam<\/div>\n            <\/div>\n        <\/div>\n\n        <div class=\"block\">\n            <h3>EXPERIENCE<\/h3>\n\n            <div class=\"item\">\n                <span class=\"item-year\">2005\u20132015<\/span>\n                <div class=\"item-title\">3d CGI | Film VFX <\/div>\n                <div class=\"item-sub\">Fiml Studio LBT | BHD <br><br>\n                 ART Drawing cartoons <\/div>\n                 <span class=\"item-year\">2015\u20132020<\/span><br>\n                <div class=\"item-title\">Teacher 3d | partime  <\/div>\n                <div class=\"item-desc\">Hutech University<\/div>\n                 <div class=\"item-desc\">FreeLancer 2020 I&#8217;m still doing this work to this day.<\/div>\n                 <div class=\"item-desc\">Python AI Texture Assistant<br>\n                Neural Rendering Study<\/div>\n                 <p><\/p><p><\/p>\n            <\/div>\n             <div class=\"job\">\n                <class=\"social-links\">\n    <a href=\"https:\/\/www.facebook.com\/Doctor3D.AI.VN\" \n       target=\"_blank\" \n       class=\"btn-social fb-btn\">FB<\/a>\n       \n\n       <a href=\"https:\/\/3dmodelbuy.com\/\" \n       target=\"_blank\" \n       class=\"btn-social site-btn\">W<\/a>\n\n    <a href=\"https:\/\/www.youtube.com\/@Doctor3D_AI\" \n       target=\"_blank\" \n       class=\"btn-social yt-btn\">Y<\/a>\n<\/div>\n            \n             \n\n\n\n<\/body>\n<\/html>\n\t\t\t\t\t\t\t\t<\/div>\n\t\t\t\t<\/div>\n\t\t\t\t\t<\/div>\n\t\t\t\t<\/div>\n\t\t\t\t<\/div>\n\t\t","protected":false},"excerpt":{"rendered":"<p>Profile Summary CV Layout Born in 1964 Over 20 years of experience \u267e\ufe0fSKILLS Creativity 3d Model- Texture animation 2d-3d Art Design Game Substance paint 3d Maya-3dsmax-Zbrush-Unreal Engine CONTACT Email: teacher3dmodel@gmail.com NGUY\u1ec4N MINH HO\u00c0N 3DMELING (Low-poly &#038; High-poly)PROFESSIONAL EDUCATION 1985 &#8211; 1986 Art Design Sai gon University Open University 1998\u20132000 Art cartoon Morgan on Viet nam [&hellip;]<\/p>\n","protected":false},"author":1,"featured_media":0,"parent":0,"menu_order":0,"comment_status":"closed","ping_status":"closed","template":"elementor_canvas","meta":{"footnotes":""},"class_list":["post-2399","page","type-page","status-publish","hentry"],"blocksy_meta":[],"_links":{"self":[{"href":"https:\/\/3dmodelbuy.com\/index.php?rest_route=\/wp\/v2\/pages\/2399","targetHints":{"allow":["GET"]}}],"collection":[{"href":"https:\/\/3dmodelbuy.com\/index.php?rest_route=\/wp\/v2\/pages"}],"about":[{"href":"https:\/\/3dmodelbuy.com\/index.php?rest_route=\/wp\/v2\/types\/page"}],"author":[{"embeddable":true,"href":"https:\/\/3dmodelbuy.com\/index.php?rest_route=\/wp\/v2\/users\/1"}],"replies":[{"embeddable":true,"href":"https:\/\/3dmodelbuy.com\/index.php?rest_route=%2Fwp%2Fv2%2Fcomments&post=2399"}],"version-history":[{"count":20,"href":"https:\/\/3dmodelbuy.com\/index.php?rest_route=\/wp\/v2\/pages\/2399\/revisions"}],"predecessor-version":[{"id":2421,"href":"https:\/\/3dmodelbuy.com\/index.php?rest_route=\/wp\/v2\/pages\/2399\/revisions\/2421"}],"wp:attachment":[{"href":"https:\/\/3dmodelbuy.com\/index.php?rest_route=%2Fwp%2Fv2%2Fmedia&parent=2399"}],"curies":[{"name":"wp","href":"https:\/\/api.w.org\/{rel}","templated":true}]}}